u.
36
Let n(o) be the first derivative of 12*o**2 + 100*o - 212. Calculate the remainder when 416 is divided by n(-3).
24
Suppose -23*l = -13*l - 6630. Suppose l = 21*j - 4*j. What is the remainder when j is divided by 2?
1
Suppose 17 = k + 3. Let n be 1/(-7) + ((-1006)/k - -1). Let v = -63 - n. What is the remainder when 18 is divided by v?
2
Let y = 151 - 107. Suppose 0 = -r - 5*s + y, 0 = -3*r + 3*s - 4*s + 76. Suppose -5*x = 17*x - 1518. What is the remainder when x is divided by r?
21
Let i = -11 + 15. Suppose 1285 = -6*w + 391. Let r = w + 159. What is the remainder when r is divided by i?
2
Calculate the remainder when 36/(-33) - 165100/(-1100) is divided by 75.
74
Let m be 223 - ((-72)/4)/(-6). Suppose m = 7*p + 45. Calculate the remainder when 94 is divided by p.
19
Let m(j) = 16*j**3 - 63*j**2 + 5*j - 2. Calculate the remainder when m(5) is divided by 24.
16
Let f = 5003 - 2665. Calculate the remainder when f is divided by 45.
43
Suppose 46499 = 42*s + 23785 - 50240. What is the remainder when s is divided by 159?
147
Suppose -437 = 154*k - 177*k. Calculate the remainder when 928 is divided by k.
16
Suppose -i + 47 = 5*u + 220, -5*i - 4*u = 907. Let d = 221 + i. What is the remainder when d is divided by 5?
3
Let v(m) = -m**2 - 18*m - 47. Let q be 928/(-64) + (-10)/(-4). What is the remainder when 97 is divided by v(q)?
22
Suppose 3*n - 26 = 2*d, 2*n + 2*n = d + 23. Let y(q) = q**3 + 6*q**2 - 9*q + 1. Let u(t) = -7*t - 1. What is the remainder when y(d) is divided by u(-1)?
3
Suppose 0 = -8*p + 141 - 29. Suppose -c + 14 = g, g - c - p = -0*c. Calculate the remainder when (-72)/(((-32)/48)/((-16)/(-18))) is divided by g.
12
Suppose -h + 4*n + 425 = 73, 0 = -3*h - 5*n + 971. Calculate the remainder when h is divided by 14.
10
Let q(j) = -165*j + 65. What is the remainder when q(-10) is divided by 17?
15
Let f(h) = h**2 + 7*h + 4. What is the remainder when 9*-131*((-60)/27)/10 is divided by f(-8)?
10
Suppose -98 = 3*h - 5*h. Let r(u) = u**2 - 2*u + 1. Let b be r(2). Calculate the remainder when h is divided by (27/54)/(1*b/52).
23
What is the remainder when 74*(336/40 + (-48)/(-30)) is divided by 84?
68
Let q(h) = -h**2 + 12*h + 16. Let l be q(14). Calculate the remainder when 32 is divided by -27*(32/l + 2).
14
What is the remainder when -1022*(32/35 + 198/(-165)) is divided by 61?
48
Let t(a) = a**2 + 53*a + 83. Calculate the remainder when 2156 is divided by t(0).
81
Suppose 2*g - g + 5*b = -16, b + 5 = 0. Let d(k) = k**2 + 6*k + 3. Let s be d(0). Calculate the remainder when (-2*2/s)/((-38)/741) is divided by g.
8
Let n(k) = -k**3 + k**2 + 21*k + 12. Let q be 4/(-18) + (-3431)/(-657). Calculate the remainder when 58 is divided by n(q).
7
Let y(l) = 57*l + 458. Let d be y(-8). Suppose 0 = 3*p + 4*z - 361, -p - 7*z + 135 = -d*z. Let b = 38 + -18. What is the remainder when p is divided by b?
15
Suppose x - 2 = -0*k - 2*k, 2*x + 5 = -k. Suppose 27*a - 5096 = -22*a. Suppose 14 - a = -k*t. Calculate the remainder when t is divided by 17.
13
Let u = 21 + -312. Let n = u - -300. What is the remainder when 12 is divided by n?
3
Suppose 48*p - 14681 = p + 12814. Calculate the remainder when p is divided by 11.
2
Let s = -15243 + 15525. Calculate the remainder when 1190 is divided by s.
62
Suppose 3*d - 5*f - 102 - 92 = 0, -2*d + 144 = 4*f. Let m = -85095 + 85114. What is the remainder when d is divided by m?
11
Suppose 3*x = 4*p + 37, x - 3*p = -4*x + 58. Suppose 0 = x*o + 14 - 179. What is the remainder when 22 is divided by o?
7
Let f(i) = -25*i + 4248. Calculate the remainder when f(28) is divided by 24.
20
Let x = 35 - -10. Suppose 78 = -x*y + 48*y. Suppose 19*g = y*g - 35. Calculate the remainder when g is divided by 2.
1
Calculate the remainder when 2357 is divided by (8 - (-450)/(-36))/((-3)/6).
8
Let p = 1794 - 1768. Suppose 0 = -f - 2*d + 141, 0*f + f = 3*d + 166. Calculate the remainder when f is divided by p.
21
Suppose -15*q = 96 + 24. What is the remainder when 56 is divided by (34/q)/(((-230)/40)/23)?
5
Let c = -576 - -144. Suppose -2*l - 3*o = -114, 4*o - 15 = 1. What is the remainder when l is divided by (c/80)/(1/(-5))?
24
Let d(x) = -x**2 + 8*x - 5. Let s be 4622/20 - 1/10. Let y = s + -225. What is the remainder when d(5) is divided by y?
4
Suppose 1211*h - 1202*h = 45 + 63. Suppose l = -3*l + 8. Let r(a) = 4*a. What is the remainder when h is divided by r(l)?
4
Let h(u) = u + u + 4*u + 1 - u. Let g be h(2). Suppose -10*z + g*z = 42. What is the remainder when 123 is divided by z?
39
Let t be (-266)/(-11) + (-54)/297. Let j(d) = -d**3 + 24*d**2 + 3*d - 32. Calculate the remainder when j(t) is divided by 20.
0
Suppose -163*o = -180*o + 1292. Let q(h) = h**2 + 13*h - 2. Calculate the remainder when o is divided by q(-15).
20
Let z be (-2)/8 + (-1819)/68. Calculate the remainder when 921/12 - 9/(-36) is divided by (-345)/z - (-4)/18.
12
Let s(h) = -h**2 + 256*h - 1342. Calculate the remainder when s(6) is divided by 0 - 4 - -2 - -52.
8
Let b be 0 - (2*1)/((-8)/16). Suppose 98 = -5*z + 3*g - 260, 386 = -5*z - b*g. Let t = -52 - z. Calculate the remainder when 85 is divided by t.
19
Suppose -485*v - 25168 = -589*v. Calculate the remainder when v is divided by 5.
2
Suppose -28*z + 62 = 2*w - 27*z, 2*w = -2*z + 58. Calculate the remainder when 878 is divided by w.
20
Let f = -51415 + 51530. What is the remainder when f is divided by -1*(-6)/(-3) + 31?
28
Suppose 0 = -12*v + 10862 + 1402. What is the remainder when v is divided by 256?
254
Suppose 7*z - 160 = -71 + 338. What is the remainder when 586 is divided by z?
37
Let u(z) = z + 12. Let o(b) = b**3 - b**2 - 13*b + 4. Let j be o(4). Calculate the remainder when (-1 - j) + (-3 - -52) is divided by u(5).
14
Let y(p) = -47*p**2 + 478*p - 8. Calculate the remainder when y(7) is divided by 258.
3
Let j be 446/10 + (-12)/(-30). Suppose s - 75 + j = 0. Calculate the remainder when 88 is divided by s.
28
Let d(y) = 329*y + 4204. What is the remainder when d(-12) is divided by 55?
36
Let f = -9 - -5. Calculate the remainder when 4*(-13 - 67/(-2)) is divided by 12/f - -1 - -19.
14
Suppose 2*l + 382 = 4*b, 14*l - 19*l = 4*b - 389. What is the remainder when 179 is divided by b?
83
Suppose 0 = 5*b + 3*n + 20, -4*b + 2 = 5*n + 31. Calculate the remainder when 23 is divided by b/(-7) - 1875/(-105).
5
Let n(r) = 34*r**2 - 7*r + 23. What is the remainder when n(2) is divided by 131?
14
Let w(k) be the first derivative of -7*k**2/2 - 10*k - 10. Let q = -549 - -567. What is the remainder when w(-6) is divided by q?
14
Let w(y) = -15*y + 582. Calculate the remainder when 6549 is divided by w(34).
69
Let w(x) = 65*x - 1 - 121*x + 59*x. Suppose 2*s + 4 = 3*s + 2*o, -o = -3*s + 40. What is the remainder when s is divided by w(2)?
2
Let p = 732 - 297. Suppose 0 = -7*m + 806 - p. Calculate the remainder when 206 is divided by m.
47
Let x(h) = -8 + 22 - 9 - 3 + 6*h. Suppose -8*n - 27 = -9*n. What is the remainder when n is divided by x(1)?
3
Suppose -39*d + 29*d + 770 = 0. Suppose 4*m - 114 = 62. Suppose -3*b = -4*w - 19, -3*b - 4*w + m = -3*w. What is the remainder when d is divided by b?
12
Suppose y + 3*d = 31, 0 = -5*y + 13*d - 8*d + 95. Let c be (-4)/10 + 17/5. Suppose -48 = -0*k - c*k. What is the remainder when y is divided by k?
6
Suppose -2*g = 8*u - 13*u - 601, 0 = 5*g + u - 1489. What is the remainder when g is divided by 13?
12
Let u(j) = -5*j - 9. Let h be u(-11). Let i = h - 42. What is the remainder when 131/7 - 3/(-21)*2 is divided by i?
3
Let c = -180 - -173. What is the remainder when 20 is divided by c/(231/6) - 39/(-33)?
0
Suppose b + 1 = 0, -t - 2*t = -3*b - 1191. Let d be 6/((3 + -2)*2). Suppose -d*s + 14*s = t. Calculate the remainder when s is divided by 8.
4
Suppose 4 = 2*j + 4*b, -1 = -5*j + 3*b - 4. Suppose 3*k + 4*a + j*a = 10, 4*k - 3*a - 30 = 0. What is the remainder when 101 is divided by k?
5
Suppose -26 = -3*v - 2. Suppose -5*p + 2*k + 445 = 0, 3*k + 7 = -v. Let o(d) = 16*d + 22. Calculate the remainder when p is divided by o(0).
21
Let d(c) = 268*c + 5922. Calculate the remainder when d(-22) is divided by 1 + (-2)/(-4)*22.
2
Suppose -7*j = -174 - 85. Let m = -44 + j. Let b = m + 15. What is the remainder when 19 is divided by b?
3
Let h(a) = a**3 - 2*a**2 - a +